 prime factors of 829.
829
List the prime factors of 2953.
2953
What are the prime factors of 2348?
2, 587
List the prime factors of 4182.
2, 3, 17, 41
What are the prime factors of 1943?
29, 67
What are the prime factors of 3610?
2, 5, 19
What are the prime factors of 2548?
2, 7, 13
List the prime factors of 1795.
5, 359
What are the prime factors of 2247?
3, 7, 107
List the prime factors of 1643.
31, 53
List the prime factors of 11862.
2, 3, 659
What are the prime factors of 44926?
2, 7, 3209
What are the prime factors of 10735?
5, 19, 113
What are the prime factors of 4087?
61, 67
List the prime factors of 46036.
2, 17, 677
What are the prime factors of 548?
2, 137
What are the prime factors of 466?
2, 233
List the prime factors of 6626.
2, 3313
What are the prime factors of 15180?
2, 3, 5, 11, 23
List the prime factors of 22816.
2, 23, 31
List the prime factors of 681.
3, 227
List the prime factors of 15572.
2, 17, 229
List the prime factors of 2502.
2, 3, 139
What are the prime factors of 21799?
21799
What are the prime factors of 76771?
76771
What are the prime factors of 81195?
3, 5, 5413
What are the prime factors of 1812?
2, 3, 151
What are the prime factors of 18079?
101, 179
What are the prime factors of 84112?
2, 7, 751
What are the prime factors of 6362?
2, 3181
List the prime factors of 4627.
7, 661
What are the prime factors of 21208?
2, 11, 241
List the prime factors of 19594.
2, 97, 101
List the prime factors of 3915.
3, 5, 29
What are the prime factors of 3994?
2, 1997
What are the prime factors of 1465?
5, 293
List the prime factors of 1091.
1091
List the prime factors of 27802.
2, 13901
What are the prime factors of 22595?
5, 4519
List the prime factors of 8612.
2, 2153
List the prime factors of 34196.
2, 83, 103
List the prime factors of 34819.
34819
List the prime factors of 28786.
2, 37, 389
What are the prime factors of 3854?
2, 41, 47
List the prime factors of 14832.
2, 3, 103
What are the prime factors of 2397?
3, 17, 47
List the prime factors of 2904.
2, 3, 11
List the prime factors of 7204.
2, 1801
List the prime factors of 464.
2, 29
What are the prime factors of 534?
2, 3, 89
What are the prime factors of 3135?
3, 5, 11, 19
What are the prime factors of 21314?
2, 10657
What are the prime factors of 29971?
17, 41, 43
What are the prime factors of 5526?
2, 3, 307
List the prime factors of 2529.
3, 281
List the prime factors of 683.
683
List the prime factors of 6.
2, 3
List the prime factors of 476.
2, 7, 17
List the prime factors of 9244.
2, 2311
List the prime factors of 661.
661
What are the prime factors of 62962?
2, 31481
List the prime factors of 13755.
3, 5, 7, 131
List the prime factors of 43650.
2, 3, 5, 97
List the prime factors of 37787.
29, 1303
What are the prime factors of 28301?
7, 13, 311
List the prime factors of 8880.
2, 3, 5, 37
What are the prime factors of 2161?
2161
What are the prime factors of 690?
2, 3, 5, 23
List the prime factors of 4164.
2, 3, 347
List the prime factors of 667.
23, 29
List the prime factors of 10095.
3, 5, 673
List the prime factors of 118692.
2, 3, 7, 157
What are the prime factors of 6764?
2, 19, 89
What are the prime factors of 14?
2, 7
What are the prime factors of 957?
3, 11, 29
List the prime factors of 3736.
2, 467
List the prime factors of 28153.
47, 599
What are the prime factors of 1157?
13, 89
What are the prime factors of 68028?
2, 3, 5669
What are the prime factors of 7330?
2, 5, 733
What are the prime factors of 1252?
2, 313
What are the prime factors of 10521?
3, 7, 167
What are the prime factors of 736?
2, 23
List the prime factors of 141.
3, 47
What are the prime factors of 924?
2, 3, 7, 11
List the prime factors of 33628.
2, 7, 1201
What are the prime factors of 449?
449
What are the prime factors of 14144?
2, 13, 17
List the prime factors of 1891.
31, 61
What are the prime factors of 8218?
2, 7, 587
List the prime factors of 19036.
2, 4759
What are the prime factors of 7826?
2, 7, 13, 43
List the prime factors of 13796.
2, 3449
List the prime factors of 105233.
47, 2239
What are the prime factors of 2763?
3, 307
What are the prime factors of 191?
191
What are the prime factors of 447?
3, 149
List the prime factors of 57920.
2, 5, 181
List the prime factors of 6915.
3, 5, 461
List the prime factors of 54259.
29, 1871
What are the prime factors of 2428?
2, 607
What are the prime factors of 4225?
5, 13
List the prime factors of 558.
2, 3, 31
What are the prime factors of 53437?
53437
What are the prime factors of 916?
2, 229
What are the prime factors of 33?
3, 11
What are the prime factors of 7674?
2, 3, 1279
What are the prime factors of 1883?
7, 269
List the prime factors of 1169.
7, 167
What are the prime factors of 20798?
2, 10399
List the prime factors of 515.
5, 103
What are the prime factors of 349?
349
List the prime factors of 29584.
2, 43
What are the prime factors of 64871?
64871
What are the prime factors of 152769?
3, 50923
What are the prime factors of 53488?
2, 3343
What are the prime factors of 12887?
7, 263
List the prime factors of 4953.
3, 13, 127
What are the prime factors of 978?
2, 3, 163
What are the prime factors of 35764?
2, 8941
What are the prime factors of 1592?
2, 199
List the prime factors of 5441.
5441
List the prime factors of 12642.
2, 3, 7, 43
What are the prime factors of 292?
2, 73
What are the prime factors of 4142?
2, 19, 109
List the prime factors of 924.
2, 3, 7, 11
List the prime factors of 101633.
7, 14519
List the prime factors of 58.
2, 29
What are the prime factors of 12894?
2, 3, 7, 307
List the prime factors of 651.
3, 7, 31
What are the prime factors of 8055?
3, 5, 179
What are the prime factors of 13284?
2, 3, 41
List the prime factors of 62660.
2, 5, 13, 241
What are the prime factors of 509?
509
List the prime factors of 362.
2, 181
What are the prime factors of 1156?
2, 17
List the prime factors of 458.
2, 229
What are the prime factors of 3642?
2, 3, 607
What are the prime factors of 3215?
5, 643
What are the prime factors of 29?
29
List the prime factors of 114912.
2, 3, 7, 19
List the prime factors of 8186.
2, 4093
What are the prime factors of 3287?
19, 173
What are the prime factors of 67212?
2, 3, 1867
List the prime factors of 186.
2, 3, 31
What are the prime factors of 961?
31
List the prime factors of 5991.
3, 1997
List the prime factors of 19040.
2, 5, 7, 17
List the prime factors of 124015.
5, 17, 1459
List the prime factors of 20846.
2, 7, 1489
List the prime factors of 936.
2, 3, 13
What are the prime factors of 9352?
2, 7, 167
What are the prime factors of 6833?
6833
What are the prime factors of 1283?
1283
List the prime factors of 1200.
2, 3, 5
List the prime factors of 1303.
1303
List the prime factors of 279.
3, 31
List the prime factors of 1837.
11, 167
What are the prime factors of 311?
311
What are the prime factors of 5002?
2, 41, 61
List the prime factors of 2249.
13, 173
List the prime factors of 20685.
3, 5, 7, 197
List the prime factors of 401.
401
List the prime factors of 3815.
5, 7, 109
List the prime factors of 17309.
19, 911
What are the prime factors of 32924?
2, 8231
What are the prime factors of 978?
2, 3, 163
List the prime factors of 13997.
13997
What are the prime factors of 1454?
2, 727
List the prime factors of 5219.
17, 307
List the prime factors of 4302.
2, 3, 239
List the prime factors of 40311.
3, 1493
What are the prime factors of 384?
2, 3
What are the prime factors of 4436?
2, 1109
What are the prime factors of 13427?
29, 463
What are the prime factors of 912?
2, 3, 19
What are the prime factors of 63736?
2, 31, 257
List the prime factors of 5272.
2, 659
List the prime factors of 235.
5, 47
What are the prime factors of 140622?
2, 3, 23, 1019
List the prime factors of 15090.
2, 3, 5, 503
List the prime factors of 442.
2, 13, 17
What are the prime factors of 216?
2, 3
What are the prime factors of 10973?
10973
What are the prime factors of 12007?
12007
What are the prime factors of 15969?
3, 5323
What are the prime factors of 1686?
2, 3, 281
List the prime factors of 1423.
1423
What are the prime factors of 12728?
2, 37, 43
What are the prime factors of 83629?
7, 13, 919
List the prime factors of 49548.
2, 3, 4129
List the prime factors of 3630.
2, 3, 5, 